{"id":3711,"date":"2026-04-17T14:45:33","date_gmt":"2026-04-17T12:45:33","guid":{"rendered":"https:\/\/fundacionisabelmartin.es\/tienda\/?page_id=3711"},"modified":"2026-04-17T14:48:51","modified_gmt":"2026-04-17T12:48:51","slug":"pagina-en-mantenimiento-estamos-renovando-nuestra-tienda","status":"publish","type":"page","link":"https:\/\/fundacionisabelmartin.es\/tienda\/pagina-en-mantenimiento-estamos-renovando-nuestra-tienda\/","title":{"rendered":"P\u00e1gina en mantenimiento,  \u00a1Estamos renovando nuestra tienda!"},"content":{"rendered":"<div class=\"wp-block-image\">\n<figure class=\"aligncenter size-large\"><img loading=\"lazy\" decoding=\"async\" width=\"1024\" height=\"441\" src=\"https:\/\/fundacionisabelmartin.es\/tienda\/wp-content\/uploads\/2026\/04\/ISABEL-MARTIN-LOGO-FINAL_fondo-blanco-1024x441.jpg\" alt=\"\" class=\"wp-image-3715\" srcset=\"https:\/\/fundacionisabelmartin.es\/tienda\/wp-content\/uploads\/2026\/04\/ISABEL-MARTIN-LOGO-FINAL_fondo-blanco-1024x441.jpg 1024w, https:\/\/fundacionisabelmartin.es\/tienda\/wp-content\/uploads\/2026\/04\/ISABEL-MARTIN-LOGO-FINAL_fondo-blanco-300x129.jpg 300w, https:\/\/fundacionisabelmartin.es\/tienda\/wp-content\/uploads\/2026\/04\/ISABEL-MARTIN-LOGO-FINAL_fondo-blanco-768x330.jpg 768w, https:\/\/fundacionisabelmartin.es\/tienda\/wp-content\/uploads\/2026\/04\/ISABEL-MARTIN-LOGO-FINAL_fondo-blanco-416x179.jpg 416w, https:\/\/fundacionisabelmartin.es\/tienda\/wp-content\/uploads\/2026\/04\/ISABEL-MARTIN-LOGO-FINAL_fondo-blanco.jpg 1153w\" sizes=\"auto, (max-width: 1024px) 100vw, 1024px\" \/><\/figure>\n<\/div>","protected":false},"excerpt":{"rendered":"","protected":false},"author":1,"featured_media":0,"parent":0,"menu_order":0,"comment_status":"closed","ping_status":"closed","template":"","meta":{"footnotes":""},"class_list":["post-3711","page","type-page","status-publish","hentry"],"yoast_head":"<!-- This site is optimized with the Yoast SEO plugin v27.4 - https:\/\/yoast.com\/product\/yoast-seo-wordpress\/ -->\n<title>P\u00e1gina en mantenimiento, \u00a1Estamos renovando nuestra tienda! | Fundaci\u00f3n Isabel Mart\u00edn<\/title>\n<meta name=\"description\" content=\"\u00a1Estamos renovando nuestra tienda! Pronto... \u00a1Novedades!\" \/>\n<meta name=\"robots\" content=\"index, follow, max-snippet:-1, max-image-preview:large, max-video-preview:-1\" \/>\n<link rel=\"canonical\" href=\"https:\/\/fundacionisabelmartin.es\/tienda\/pagina-en-mantenimiento-estamos-renovando-nuestra-tienda\/\" \/>\n<meta property=\"og:locale\" content=\"es_ES\" \/>\n<meta property=\"og:type\" content=\"article\" \/>\n<meta property=\"og:title\" content=\"P\u00e1gina en mantenimiento, \u00a1Estamos renovando nuestra tienda! | Fundaci\u00f3n Isabel Mart\u00edn\" \/>\n<meta property=\"og:description\" content=\"\u00a1Estamos renovando nuestra tienda! Pronto... \u00a1Novedades!\" \/>\n<meta property=\"og:url\" content=\"https:\/\/fundacionisabelmartin.es\/tienda\/pagina-en-mantenimiento-estamos-renovando-nuestra-tienda\/\" \/>\n<meta property=\"og:site_name\" content=\"Fundaci\u00f3n Isabel Mart\u00edn\" \/>\n<meta property=\"article:publisher\" content=\"https:\/\/www.facebook.com\/OngIsabelMartin\" \/>\n<meta property=\"article:modified_time\" content=\"2026-04-17T12:48:51+00:00\" \/>\n<meta property=\"og:image\" content=\"https:\/\/fundacionisabelmartin.es\/tienda\/wp-content\/uploads\/2026\/04\/ISABEL-MARTIN-LOGO-FINAL_fondo-blanco.jpg\" \/>\n\t<meta property=\"og:image:width\" content=\"1153\" \/>\n\t<meta property=\"og:image:height\" content=\"496\" \/>\n\t<meta property=\"og:image:type\" content=\"image\/jpeg\" \/>\n<meta name=\"twitter:card\" content=\"summary_large_image\" \/>\n<meta name=\"twitter:site\" content=\"@ongisabelmartin\" \/>\n<meta name=\"twitter:label1\" content=\"Tiempo de lectura\" \/>\n\t<meta name=\"twitter:data1\" content=\"1 minuto\" \/>\n<script type=\"application\/ld+json\" class=\"yoast-schema-graph\">{\"@context\":\"https:\\\/\\\/schema.org\",\"@graph\":[{\"@type\":\"WebPage\",\"@id\":\"https:\\\/\\\/fundacionisabelmartin.es\\\/tienda\\\/pagina-en-mantenimiento-estamos-renovando-nuestra-tienda\\\/\",\"url\":\"https:\\\/\\\/fundacionisabelmartin.es\\\/tienda\\\/pagina-en-mantenimiento-estamos-renovando-nuestra-tienda\\\/\",\"name\":\"P\u00e1gina en mantenimiento, \u00a1Estamos renovando nuestra tienda! | Fundaci\u00f3n Isabel Mart\u00edn\",\"isPartOf\":{\"@id\":\"https:\\\/\\\/fundacionisabelmartin.es\\\/tienda\\\/#website\"},\"primaryImageOfPage\":{\"@id\":\"https:\\\/\\\/fundacionisabelmartin.es\\\/tienda\\\/pagina-en-mantenimiento-estamos-renovando-nuestra-tienda\\\/#primaryimage\"},\"image\":{\"@id\":\"https:\\\/\\\/fundacionisabelmartin.es\\\/tienda\\\/pagina-en-mantenimiento-estamos-renovando-nuestra-tienda\\\/#primaryimage\"},\"thumbnailUrl\":\"https:\\\/\\\/fundacionisabelmartin.es\\\/tienda\\\/wp-content\\\/uploads\\\/2026\\\/04\\\/ISABEL-MARTIN-LOGO-FINAL_fondo-blanco-1024x441.jpg\",\"datePublished\":\"2026-04-17T12:45:33+00:00\",\"dateModified\":\"2026-04-17T12:48:51+00:00\",\"description\":\"\u00a1Estamos renovando nuestra tienda! Pronto... \u00a1Novedades!\",\"breadcrumb\":{\"@id\":\"https:\\\/\\\/fundacionisabelmartin.es\\\/tienda\\\/pagina-en-mantenimiento-estamos-renovando-nuestra-tienda\\\/#breadcrumb\"},\"inLanguage\":\"es\",\"potentialAction\":[{\"@type\":\"ReadAction\",\"target\":[\"https:\\\/\\\/fundacionisabelmartin.es\\\/tienda\\\/pagina-en-mantenimiento-estamos-renovando-nuestra-tienda\\\/\"]}]},{\"@type\":\"ImageObject\",\"inLanguage\":\"es\",\"@id\":\"https:\\\/\\\/fundacionisabelmartin.es\\\/tienda\\\/pagina-en-mantenimiento-estamos-renovando-nuestra-tienda\\\/#primaryimage\",\"url\":\"https:\\\/\\\/fundacionisabelmartin.es\\\/tienda\\\/wp-content\\\/uploads\\\/2026\\\/04\\\/ISABEL-MARTIN-LOGO-FINAL_fondo-blanco.jpg\",\"contentUrl\":\"https:\\\/\\\/fundacionisabelmartin.es\\\/tienda\\\/wp-content\\\/uploads\\\/2026\\\/04\\\/ISABEL-MARTIN-LOGO-FINAL_fondo-blanco.jpg\",\"width\":1153,\"height\":496},{\"@type\":\"BreadcrumbList\",\"@id\":\"https:\\\/\\\/fundacionisabelmartin.es\\\/tienda\\\/pagina-en-mantenimiento-estamos-renovando-nuestra-tienda\\\/#breadcrumb\",\"itemListElement\":[{\"@type\":\"ListItem\",\"position\":1,\"name\":\"Portada\",\"item\":\"https:\\\/\\\/fundacionisabelmartin.es\\\/tienda\\\/\"},{\"@type\":\"ListItem\",\"position\":2,\"name\":\"P\u00e1gina en mantenimiento, \u00a1Estamos renovando nuestra tienda!\"}]},{\"@type\":\"WebSite\",\"@id\":\"https:\\\/\\\/fundacionisabelmartin.es\\\/tienda\\\/#website\",\"url\":\"https:\\\/\\\/fundacionisabelmartin.es\\\/tienda\\\/\",\"name\":\"FUNDACI\u00d3N ISABEL MARTIN | TIENDA\",\"description\":\"La tienda de la Fundaci\u00f3n Isabel Mart\u00edn ofrece productos de Comercio Justo y Solidarios con el objetivo de financiar los proyectos de Cooperaci\u00f3n al Desarrollo que financiamos en varios pa\u00edses del sur, centrados en el empoderamiento de las mujeres y la infancia desprotegida.\",\"publisher\":{\"@id\":\"https:\\\/\\\/fundacionisabelmartin.es\\\/tienda\\\/#organization\"},\"potentialAction\":[{\"@type\":\"SearchAction\",\"target\":{\"@type\":\"EntryPoint\",\"urlTemplate\":\"https:\\\/\\\/fundacionisabelmartin.es\\\/tienda\\\/?s={search_term_string}\"},\"query-input\":{\"@type\":\"PropertyValueSpecification\",\"valueRequired\":true,\"valueName\":\"search_term_string\"}}],\"inLanguage\":\"es\"},{\"@type\":\"Organization\",\"@id\":\"https:\\\/\\\/fundacionisabelmartin.es\\\/tienda\\\/#organization\",\"name\":\"Fundaci\u00f3n Isabel Mart\u00edn\",\"url\":\"https:\\\/\\\/fundacionisabelmartin.es\\\/tienda\\\/\",\"logo\":{\"@type\":\"ImageObject\",\"inLanguage\":\"es\",\"@id\":\"https:\\\/\\\/fundacionisabelmartin.es\\\/tienda\\\/#\\\/schema\\\/logo\\\/image\\\/\",\"url\":\"https:\\\/\\\/fundacionisabelmartin.es\\\/tienda\\\/wp-content\\\/uploads\\\/2018\\\/04\\\/ISABEL-MARTIN-LOGO-FINAL.png\",\"contentUrl\":\"https:\\\/\\\/fundacionisabelmartin.es\\\/tienda\\\/wp-content\\\/uploads\\\/2018\\\/04\\\/ISABEL-MARTIN-LOGO-FINAL.png\",\"width\":1153,\"height\":496,\"caption\":\"Fundaci\u00f3n Isabel Mart\u00edn\"},\"image\":{\"@id\":\"https:\\\/\\\/fundacionisabelmartin.es\\\/tienda\\\/#\\\/schema\\\/logo\\\/image\\\/\"},\"sameAs\":[\"https:\\\/\\\/www.facebook.com\\\/OngIsabelMartin\",\"https:\\\/\\\/x.com\\\/ongisabelmartin\",\"https:\\\/\\\/fundacionisabelmartin.es\\\/tienda\",\"https:\\\/\\\/www.linkedin.com\\\/company\\\/10593946\",\"https:\\\/\\\/www.youtube.com\\\/channel\\\/UCibqwKMVjaAmuWXoBF3edkQ\",\"https:\\\/\\\/www.instagram.com\\\/ongisabelmartin\\\/\"]}]}<\/script>\n<!-- \/ Yoast SEO plugin. -->","yoast_head_json":{"title":"P\u00e1gina en mantenimiento, \u00a1Estamos renovando nuestra tienda! | Fundaci\u00f3n Isabel Mart\u00edn","description":"\u00a1Estamos renovando nuestra tienda! Pronto... \u00a1Novedades!","robots":{"index":"index","follow":"follow","max-snippet":"max-snippet:-1","max-image-preview":"max-image-preview:large","max-video-preview":"max-video-preview:-1"},"canonical":"https:\/\/fundacionisabelmartin.es\/tienda\/pagina-en-mantenimiento-estamos-renovando-nuestra-tienda\/","og_locale":"es_ES","og_type":"article","og_title":"P\u00e1gina en mantenimiento, \u00a1Estamos renovando nuestra tienda! | Fundaci\u00f3n Isabel Mart\u00edn","og_description":"\u00a1Estamos renovando nuestra tienda! Pronto... \u00a1Novedades!","og_url":"https:\/\/fundacionisabelmartin.es\/tienda\/pagina-en-mantenimiento-estamos-renovando-nuestra-tienda\/","og_site_name":"Fundaci\u00f3n Isabel Mart\u00edn","article_publisher":"https:\/\/www.facebook.com\/OngIsabelMartin","article_modified_time":"2026-04-17T12:48:51+00:00","og_image":[{"width":1153,"height":496,"url":"https:\/\/fundacionisabelmartin.es\/tienda\/wp-content\/uploads\/2026\/04\/ISABEL-MARTIN-LOGO-FINAL_fondo-blanco.jpg","type":"image\/jpeg"}],"twitter_card":"summary_large_image","twitter_site":"@ongisabelmartin","twitter_misc":{"Tiempo de lectura":"1 minuto"},"schema":{"@context":"https:\/\/schema.org","@graph":[{"@type":"WebPage","@id":"https:\/\/fundacionisabelmartin.es\/tienda\/pagina-en-mantenimiento-estamos-renovando-nuestra-tienda\/","url":"https:\/\/fundacionisabelmartin.es\/tienda\/pagina-en-mantenimiento-estamos-renovando-nuestra-tienda\/","name":"P\u00e1gina en mantenimiento, \u00a1Estamos renovando nuestra tienda! | Fundaci\u00f3n Isabel Mart\u00edn","isPartOf":{"@id":"https:\/\/fundacionisabelmartin.es\/tienda\/#website"},"primaryImageOfPage":{"@id":"https:\/\/fundacionisabelmartin.es\/tienda\/pagina-en-mantenimiento-estamos-renovando-nuestra-tienda\/#primaryimage"},"image":{"@id":"https:\/\/fundacionisabelmartin.es\/tienda\/pagina-en-mantenimiento-estamos-renovando-nuestra-tienda\/#primaryimage"},"thumbnailUrl":"https:\/\/fundacionisabelmartin.es\/tienda\/wp-content\/uploads\/2026\/04\/ISABEL-MARTIN-LOGO-FINAL_fondo-blanco-1024x441.jpg","datePublished":"2026-04-17T12:45:33+00:00","dateModified":"2026-04-17T12:48:51+00:00","description":"\u00a1Estamos renovando nuestra tienda! Pronto... \u00a1Novedades!","breadcrumb":{"@id":"https:\/\/fundacionisabelmartin.es\/tienda\/pagina-en-mantenimiento-estamos-renovando-nuestra-tienda\/#breadcrumb"},"inLanguage":"es","potentialAction":[{"@type":"ReadAction","target":["https:\/\/fundacionisabelmartin.es\/tienda\/pagina-en-mantenimiento-estamos-renovando-nuestra-tienda\/"]}]},{"@type":"ImageObject","inLanguage":"es","@id":"https:\/\/fundacionisabelmartin.es\/tienda\/pagina-en-mantenimiento-estamos-renovando-nuestra-tienda\/#primaryimage","url":"https:\/\/fundacionisabelmartin.es\/tienda\/wp-content\/uploads\/2026\/04\/ISABEL-MARTIN-LOGO-FINAL_fondo-blanco.jpg","contentUrl":"https:\/\/fundacionisabelmartin.es\/tienda\/wp-content\/uploads\/2026\/04\/ISABEL-MARTIN-LOGO-FINAL_fondo-blanco.jpg","width":1153,"height":496},{"@type":"BreadcrumbList","@id":"https:\/\/fundacionisabelmartin.es\/tienda\/pagina-en-mantenimiento-estamos-renovando-nuestra-tienda\/#breadcrumb","itemListElement":[{"@type":"ListItem","position":1,"name":"Portada","item":"https:\/\/fundacionisabelmartin.es\/tienda\/"},{"@type":"ListItem","position":2,"name":"P\u00e1gina en mantenimiento, \u00a1Estamos renovando nuestra tienda!"}]},{"@type":"WebSite","@id":"https:\/\/fundacionisabelmartin.es\/tienda\/#website","url":"https:\/\/fundacionisabelmartin.es\/tienda\/","name":"FUNDACI\u00d3N ISABEL MARTIN | TIENDA","description":"La tienda de la Fundaci\u00f3n Isabel Mart\u00edn ofrece productos de Comercio Justo y Solidarios con el objetivo de financiar los proyectos de Cooperaci\u00f3n al Desarrollo que financiamos en varios pa\u00edses del sur, centrados en el empoderamiento de las mujeres y la infancia desprotegida.","publisher":{"@id":"https:\/\/fundacionisabelmartin.es\/tienda\/#organization"},"potentialAction":[{"@type":"SearchAction","target":{"@type":"EntryPoint","urlTemplate":"https:\/\/fundacionisabelmartin.es\/tienda\/?s={search_term_string}"},"query-input":{"@type":"PropertyValueSpecification","valueRequired":true,"valueName":"search_term_string"}}],"inLanguage":"es"},{"@type":"Organization","@id":"https:\/\/fundacionisabelmartin.es\/tienda\/#organization","name":"Fundaci\u00f3n Isabel Mart\u00edn","url":"https:\/\/fundacionisabelmartin.es\/tienda\/","logo":{"@type":"ImageObject","inLanguage":"es","@id":"https:\/\/fundacionisabelmartin.es\/tienda\/#\/schema\/logo\/image\/","url":"https:\/\/fundacionisabelmartin.es\/tienda\/wp-content\/uploads\/2018\/04\/ISABEL-MARTIN-LOGO-FINAL.png","contentUrl":"https:\/\/fundacionisabelmartin.es\/tienda\/wp-content\/uploads\/2018\/04\/ISABEL-MARTIN-LOGO-FINAL.png","width":1153,"height":496,"caption":"Fundaci\u00f3n Isabel Mart\u00edn"},"image":{"@id":"https:\/\/fundacionisabelmartin.es\/tienda\/#\/schema\/logo\/image\/"},"sameAs":["https:\/\/www.facebook.com\/OngIsabelMartin","https:\/\/x.com\/ongisabelmartin","https:\/\/fundacionisabelmartin.es\/tienda","https:\/\/www.linkedin.com\/company\/10593946","https:\/\/www.youtube.com\/channel\/UCibqwKMVjaAmuWXoBF3edkQ","https:\/\/www.instagram.com\/ongisabelmartin\/"]}]}},"_links":{"self":[{"href":"https:\/\/fundacionisabelmartin.es\/tienda\/wp-json\/wp\/v2\/pages\/3711","targetHints":{"allow":["GET"]}}],"collection":[{"href":"https:\/\/fundacionisabelmartin.es\/tienda\/wp-json\/wp\/v2\/pages"}],"about":[{"href":"https:\/\/fundacionisabelmartin.es\/tienda\/wp-json\/wp\/v2\/types\/page"}],"author":[{"embeddable":true,"href":"https:\/\/fundacionisabelmartin.es\/tienda\/wp-json\/wp\/v2\/users\/1"}],"replies":[{"embeddable":true,"href":"https:\/\/fundacionisabelmartin.es\/tienda\/wp-json\/wp\/v2\/comments?post=3711"}],"version-history":[{"count":2,"href":"https:\/\/fundacionisabelmartin.es\/tienda\/wp-json\/wp\/v2\/pages\/3711\/revisions"}],"predecessor-version":[{"id":3716,"href":"https:\/\/fundacionisabelmartin.es\/tienda\/wp-json\/wp\/v2\/pages\/3711\/revisions\/3716"}],"wp:attachment":[{"href":"https:\/\/fundacionisabelmartin.es\/tienda\/wp-json\/wp\/v2\/media?parent=3711"}],"curies":[{"name":"wp","href":"https:\/\/api.w.org\/{rel}","templated":true}]}}